ded by 5 + (61/(-183))/(2/30) + 2?
0
Let y = -5780 - -5845. What is the remainder when 1361 is divided by y?
61
Suppose 10 = -3*m - 11. Let r(z) = -z**3 - 14*z**2 - 62*z + 6. Calculate the remainder when r(m) is divided by 9.
7
Let n(u) = 6*u**3 - 5*u**2 + 4*u + 1. Suppose -3*l + 4 = l, 0 = -2*t - l + 171. What is the remainder when t is divided by n(2)?
11
Let c = -67 - -180. Suppose -13 = -6*f + c. What is the remainder when 228 is divided by f?
18
Suppose -10*s + 1800 = -1370. What is the remainder when s is divided by 1?
0
Suppose 0*l - 1755 = -7*l - 6*l. Calculate the remainder when 370 is divided by l.
100
Let f be ((-24)/5)/((-56)/140). Suppose -f*a + 7*a = -85. Calculate the remainder when 61 is divided by a.
10
Let x be 1 + 134/22 + -10*21/2310. Let h be 56/6*66/4. Suppose x*s - 28 = h. Calculate the remainder when s is divided by 10.
6
Let v = -29 - -50. Let n be v - (3/3 - 0). Suppose l = -4*w + n, 0*w + l - 25 = -5*w. Calculate the remainder when 14 is divided by w.
4
Let d(m) = 8*m + 23. Let h be d(-3). Let c(a) = -2*a - 16*a**3 - 1 + 2*a. Calculate the remainder when 27 is divided by c(h).
12
Let g(f) = f**3 - 5*f**2 + 6*f - 3. Let d be g(4). Suppose d*c - 170 = p - 60, -6 = -c - 3*p. Calculate the remainder when c is divided by 10.
1
Let q(a) = a**3 - 11*a**2 - 26*a - 18. Let k(z) = -z**3 + 9*z**2 + 22*z - 64. What is the remainder when q(14) is divided by k(10)?
38
Suppose 392 = -1684*m + 1688*m. Calculate the remainder when m is divided by 7.
0
Let n(g) = g**2 - 23*g + 89. Suppose 0 = -2*q, -t + q + 80 = 3*t. What is the remainder when 287 is divided by n(t)?
26
Let y(c) = c + 21. Let t(x) = 2*x + 43. Let r(h) = 6*t(h) - 11*y(h). Calculate the remainder when 278 is divided by r(-18).
8
Let z = 6349 - 5997. Let d(o) = -o**3 + 13*o**2 - 15*o - 6. Calculate the remainder when z is divided by d(11).
68
Let k = -13210 + 13249. What is the remainder when 775 is divided by k?
34
Suppose -1889*u + 1862*u + 128844 = 0. Calculate the remainder when u is divided by 62.
60
Let y = -1534 + 3046. What is the remainder when y is divided by 17?
16
Let l(i) = 71*i**2 + 500*i + 1987. What is the remainder when l(-4) is divided by 142?
129
Suppose 4*l - 925 = 66*z - 69*z, 3*l + 628 = 2*z. Calculate the remainder when z is divided by 3.
2
Let a = -8744 + 10044. Calculate the remainder when a is divided by 93.
91
Suppose 3*n - 18 - 141 = 0. Suppose -3*b + 65 = -k, 5*b - 5*k - 6 = 99. Calculate the remainder when n is divided by (-3 - (-1 + -1)) + b.
11
Let p(k) be the first derivative of -k**3/3 + 11*k**2/2 - k - 4. Suppose -2*z = x - 43, 3*z = -4*x + 5*z + 202. What is the remainder when x is divided by p(9)?
15
Let f be ((-27)/(-6))/3 + 1052/8. Let m = 151 - f. Calculate the remainder when m is divided by 12.
6
Let m = -24090 + 24144. Calculate the remainder when 3290 is divided by m.
50
Let x(l) = l + 2. Let c be x(3). Suppose -7*w - 5*z = -2*w + 5, -3*z = 4*w + 9. Calculate the remainder when 202 is divided by (c/15 + w/9)*-153.
49
Let x(o) = 16*o + 101. Let f be x(-6). Suppose 0 = -l + 4*v + 163, v = -4*v + f. Calculate the remainder when l is divided by 17.
14
Let g = -193037 + 193088. Suppose 1510 = 5*t + 2*x, -4*x + 5*x + 1221 = 4*t. What is the remainder when t is divided by g?
49
Let d(v) = v**3 - 9*v**2 + 8*v + 5. Suppose -4*c = g + 15, 2*g + 3*g - 3*c + 167 = 0. Let z = 39 + g. Calculate the remainder when d(z) is divided by 2.
1
Calculate the remainder when 3885 is divided by (1277 - (-20)/1) + -5.
9
Let q be ((-1)/(-4))/((-4)/40)*-46. Suppose 0 = -8*y + 85 + q. Let s = 24 - 17. Calculate the remainder when y is divided by s.
4
Suppose 3*i + o + 73 = 0, -4*i - 4*o + 0*o = 100. Let a = 14 + i. Let l(k) = -k**2 - 11*k - 3. What is the remainder when 55 is divided by l(a)?
6
Let j(w) = 2*w**2 + 35*w - 20. Calculate the remainder when (-2)/4 - (-556)/8 is divided by j(-19).
32
Let n be 38/12 + 87/(-522). Calculate the remainder when (0 - (25 - n))/((-1)/4) is divided by 29.
1
Suppose 9 = 2*t + 1. Suppose -3*o + 336 = t*o. Suppose p = o + 8. What is the remainder when p is divided by 30?
26
Let k = -812 + 858. What is the remainder when 679 is divided by k?
35
Suppose 48*u + 1060628 + 760052 = 278*u. What is the remainder when u is divided by 44?
40
Suppose -15*t - 392 = -t. Let q = 65 + t. What is the remainder when 331 is divided by q?
35
Let p = 598 - 284. Let i(h) = 3*h**2 - 288*h + 35. Calculate the remainder when p is divided by i(96).
34
Suppose 10*d + 54 = 8*d. Let c = 68 + d. Let v = c + -6. Calculate the remainder when 102 is divided by v.
32
Let m(a) be the second derivative of -5*a**3/6 - 7*a**2 - 69*a. What is the remainder when 275 is divided by m(-17)?
62
Suppose 4*b + 5*k - 24 = 0, -4*k - 15 = -3*b - 7*k. Let j = -423 - -424. What is the remainder when j is divided by b?
0
Suppose 418*k - 459*k = -861. What is the remainder when (-2)/(-3) - (-1378)/3 is divided by k?
19
Let d = -233 + 354. Let n = -11 - 105. Let u = d + n. What is the remainder when 13 is divided by u?
3
Let l(z) = 14*z**2 + 28*z + 29. Let s be l(-1). Suppose -s = 5*u, -5*x = -5*u - 116 + 16. Calculate the remainder when 32 is divided by x.
15
Suppose -183*l + 36964 = -53438. Calculate the remainder when l is divided by 15.
14
Suppose -33*z + 28*z + 351 = 3*o, -4*z + 3*o + 270 = 0. What is the remainder when 139 is divided by z?
1
Let s = 12368 + -12221. What is the remainder when 1474 is divided by s?
4
Suppose -2*o + 141 = o. Calculate the remainder when 187 is divided by o.
46
Let w = 7043 - -3270. What is the remainder when w is divided by 27?
26
Let s(a) = 8*a**3 + 1 + 8*a**2 + 9*a**2 + 0 - 19*a**2. Let x be 2 + 2 + -1 + -2. Calculate the remainder when 12 is divided by s(x).
5
Let q be ((-144)/(-90))/((4/(-5))/(-2)). Suppose 0 = -k + q*k - 6. Suppose k*c = 6*c - 64. What is the remainder when c is divided by 9?
7
Let l(q) = -2*q**3 + 76*q**2 - 54*q - 44. Let k be l(36). What is the remainder when -8 + 378/49 + k/14 is divided by 48?
36
Suppose 30*f + 16 = 32*f + 3*g, g = -5*f + 40. What is the remainder when 4/10 + (-366)/(-10) is divided by f?
5
Suppose 2*f + d + 162 = -d, 5*f = -4*d - 410. Let k = -69 - f. Suppose -46 = -j + 21. What is the remainder when j is divided by k?
16
Let d be 117 - (-3 - (-4 + 2)). Suppose x - d = 5*f, -4*f + f + 197 = 2*x. What is the remainder when x is divided by 31?
10
Let r(h) = 84*h + 4. Let q = 69 + -44. What is the remainder when q is divided by r(0)?
1
Let g = -903 - -1342. Calculate the remainder when g is divided by 141.
16
Suppose -1027 = -26*z + 18395. Let s = -694 + z. What is the remainder when 57 is divided by s?
4
Let l(t) = t**3 - 7*t**2 + 38*t - 80. Calculate the remainder when 116 is divided by l(6).
4
Suppose 16*u + 2953 - 7913 = 0. Calculate the remainder when 1257 is divided by u.
17
Suppose 0 = -4*g - 3*b + 4783, 784 + 406 = g - 5*b. Calculate the remainder when g is divided by 57.
55
Let r = 616 - 537. Suppose q + 10 = 3*q. Suppose -4*s - n = s - 77, 3*s - 33 = -q*n. Calculate the remainder when r is divided by s.
15
Let l(v) = 180*v + 6. Let u be l(3). Suppose 1836 - u = 5*q. What is the remainder when q is divided by 52?
50
Suppose 0 = -3*a - 2*v + 7159, v = -4*a - 619 + 10176. Calculate the remainder when a is divided by 57.
54
Suppose -h + 945 = 2*h. Let i(j) = 115*j**2 + 2180*j - 42. What is the remainder when h is divided by i(-19)?
50
Let p = 121 + -121. Suppose p*b = 3*b - 360. Let t = 133 - b. Calculate the remainder when 36 is divided by t.
10
Let d = 5099 - 4655. Calculate the remainder when d is divided by 8.
4
Suppose 2*h + 178 = -2*b + 172, -h - 3*b = 5. Let l(i) = -59*i + 130. Calculate the remainder when l(h) is divided by 32.
24
Let f(x) = -3*x**2 - x + 10. Let p(o) = 2*o**2 - 11. Let j(y) = -7*f(y) - 6*p(y). Let w = -8 - -23. What is the remainder when j(3) is divided by w?
8
Let r be ((-2)/((-24)/(-9)))/(2/(-64)). Suppose 3*j - 20 = 4*d, d + 4*d - 4*j = -r. Calculate the remainder when 1 + 89 + (d - -10) is divided by 24.
20
Let b(h) = -5*h**3 - 7*h**2 - 2*h - 3. Let v = -44 - 45. Let f = v - -116. What is the remainder when b(-4) is divided by f?
24
Suppose 309 = 10*r + 3919. Let l = 729 + r. What is the remainder when l is divided by 41?
40
Let l(t) = 365*t**2 - 35401*t - 